{"id":272,"date":"2022-07-18T12:10:05","date_gmt":"2022-07-18T12:10:05","guid":{"rendered":"https:\/\/novarefriclima.com.br\/?page_id=272"},"modified":"2022-07-18T14:14:53","modified_gmt":"2022-07-18T14:14:53","slug":"pmoc","status":"publish","type":"page","link":"https:\/\/novarefriclima.com.br\/index.php\/pmoc\/","title":{"rendered":"Pmoc"},"content":{"rendered":"\n<p>Pmoc plano de manuten\u00e7\u00e3o opera\u00e7\u00e3o e controle, manuten\u00e7\u00e3o preventiva e corretiva contrato mensal para o seu negocio. <\/p>\n\n\n\n<figure class=\"wp-block-image size-full is-resized\"><img fetchpriority=\"high\" decoding=\"async\" src=\"https:\/\/novarefriclima.com.br\/wp-content\/uploads\/2022\/07\/hig.jpg\" alt=\"\" class=\"wp-image-315\" width=\"906\" height=\"900\" srcset=\"https:\/\/novarefriclima.com.br\/wp-content\/uploads\/2022\/07\/hig.jpg 581w, https:\/\/novarefriclima.com.br\/wp-content\/uploads\/2022\/07\/hig-300x298.jpg 300w, https:\/\/novarefriclima.com.br\/wp-content\/uploads\/2022\/07\/hig-150x150.jpg 150w\" sizes=\"(max-width: 906px) 100vw, 906px\" \/><\/figure>\n","protected":false},"excerpt":{"rendered":"<p>Pmoc plano de manuten\u00e7\u00e3o opera\u00e7\u00e3o e controle, manuten\u00e7\u00e3o preventiva e corretiva contrato mensal para o seu negocio.<\/p>\n","protected":false},"author":1,"featured_media":0,"parent":0,"menu_order":0,"comment_status":"closed","ping_status":"closed","template":"","meta":{"footnotes":""},"class_list":["post-272","page","type-page","status-publish","hentry"],"_links":{"self":[{"href":"https:\/\/novarefriclima.com.br\/index.php\/wp-json\/wp\/v2\/pages\/272","targetHints":{"allow":["GET"]}}],"collection":[{"href":"https:\/\/novarefriclima.com.br\/index.php\/wp-json\/wp\/v2\/pages"}],"about":[{"href":"https:\/\/novarefriclima.com.br\/index.php\/wp-json\/wp\/v2\/types\/page"}],"author":[{"embeddable":true,"href":"https:\/\/novarefriclima.com.br\/index.php\/wp-json\/wp\/v2\/users\/1"}],"replies":[{"embeddable":true,"href":"https:\/\/novarefriclima.com.br\/index.php\/wp-json\/wp\/v2\/comments?post=272"}],"version-history":[{"count":4,"href":"https:\/\/novarefriclima.com.br\/index.php\/wp-json\/wp\/v2\/pages\/272\/revisions"}],"predecessor-version":[{"id":316,"href":"https:\/\/novarefriclima.com.br\/index.php\/wp-json\/wp\/v2\/pages\/272\/revisions\/316"}],"wp:attachment":[{"href":"https:\/\/novarefriclima.com.br\/index.php\/wp-json\/wp\/v2\/media?parent=272"}],"curies":[{"name":"wp","href":"https:\/\/api.w.org\/{rel}","templated":true}]}}